{"id":2,"date":"2010-02-15T17:22:00","date_gmt":"2010-02-15T16:22:00","guid":{"rendered":"http:\/\/www.praxiswessling.de\/?page_id=2"},"modified":"2023-04-10T16:12:49","modified_gmt":"2023-04-10T15:12:49","slug":"eine-seite","status":"publish","type":"page","link":"https:\/\/www.praxisdrwessling.de\/","title":{"rendered":"Praxis"},"content":{"rendered":"<p>Dr. med. Wolfgang We\u00dfling<\/p>\n<p>Facharzt f\u00fcr Allgemeinmedizin<br \/>\nArzt f\u00fcr Hom\u00f6opathie<\/p>\n<p>M\u00f6llmannsweg 25<br \/>\n48161 M\u00fcnster<\/p>\n<p>Telefon: 0251\/8719633<br \/>\nFax:\u00a0 0251\/8719644<\/p>\n<p><strong>\u00c4rztliche Privatpraxis.<\/strong> Die Abrechnung erfolgt nach der Geb\u00fchrenordnung f\u00fcr \u00c4rzte (GO\u00c4).<\/p>\n<p>Terminanfragen und -absagen gerne telefonisch.<br \/>\nVielen Dank!<\/p>\n","protected":false},"excerpt":{"rendered":"<p>Dr. med. Wolfgang We\u00dfling Facharzt f\u00fcr Allgemeinmedizin Arzt f\u00fcr Hom\u00f6opathie M\u00f6llmannsweg 25 48161 M\u00fcnster Telefon: 0251\/8719633 Fax:\u00a0 0251\/8719644 \u00c4rztliche Privatpraxis. Die Abrechnung erfolgt nach der Geb\u00fchrenordnung f\u00fcr \u00c4rzte (GO\u00c4). Terminanfragen und -absagen gerne telefonisch. Vielen Dank!<\/p>\n","protected":false},"author":1,"featured_media":0,"parent":0,"menu_order":1,"comment_status":"closed","ping_status":"closed","template":"","meta":{"footnotes":""},"class_list":["post-2","page","type-page","status-publish"],"_links":{"self":[{"href":"https:\/\/www.praxisdrwessling.de\/index.php?rest_route=\/wp\/v2\/pages\/2","targetHints":{"allow":["GET"]}}],"collection":[{"href":"https:\/\/www.praxisdrwessling.de\/index.php?rest_route=\/wp\/v2\/pages"}],"about":[{"href":"https:\/\/www.praxisdrwessling.de\/index.php?rest_route=\/wp\/v2\/types\/page"}],"author":[{"embeddable":true,"href":"https:\/\/www.praxisdrwessling.de\/index.php?rest_route=\/wp\/v2\/users\/1"}],"replies":[{"embeddable":true,"href":"https:\/\/www.praxisdrwessling.de\/index.php?rest_route=%2Fwp%2Fv2%2Fcomments&post=2"}],"version-history":[{"count":24,"href":"https:\/\/www.praxisdrwessling.de\/index.php?rest_route=\/wp\/v2\/pages\/2\/revisions"}],"predecessor-version":[{"id":151,"href":"https:\/\/www.praxisdrwessling.de\/index.php?rest_route=\/wp\/v2\/pages\/2\/revisions\/151"}],"wp:attachment":[{"href":"https:\/\/www.praxisdrwessling.de\/index.php?rest_route=%2Fwp%2Fv2%2Fmedia&parent=2"}],"curies":[{"name":"wp","href":"https:\/\/api.w.org\/{rel}","templated":true}]}}